 by 492?
490
Calculate the remainder when 110820851 is divided by 307.
298
Calculate the remainder when 905732 is divided by 1668.
8
What is the remainder when 63250 is divided by 405?
70
What is the remainder when 55952 is divided by 3291?
5
Calculate the remainder when 594272 is divided by 12609.
1649
Calculate the remainder when 1172974 is divided by 2365.
2299
What is the remainder when 21513960 is divided by 3073418?
34
Calculate the remainder when 1288873 is divided by 279.
172
Calculate the remainder when 12344859 is divided by 515.
309
What is the remainder when 1045026 is divided by 319?
301
What is the remainder when 2691012 is divided by 4258?
4214
Calculate the remainder when 407517 is divided by 104.
45
What is the remainder when 3601802 is divided by 8299?
36
What is the remainder when 285350 is divided by 285308?
42
Calculate the remainder when 506107 is divided by 1562.
19
Calculate the remainder when 25676594 is divided by 6419116.
130
Calculate the remainder when 110681 is divided by 21909.
1136
Calculate the remainder when 8168719 is divided by 14.
13
Calculate the remainder when 7471199 is divided by 665.
589
Calculate the remainder when 2323042 is divided by 1032.
10
What is the remainder when 162486 is divided by 23210?
16
What is the remainder when 7246190 is divided by 2421?
137
What is the remainder when 719464 is divided by 5317?
1669
What is the remainder when 10401 is divided by 9716?
685
Calculate the remainder when 208560 is divided by 34680.
480
Calculate the remainder when 11747903 is divided by 1252.
387
What is the remainder when 63739760 is divided by 12?
8
Calculate the remainder when 31639942 is divided by 16.
6
Calculate the remainder when 243918265 is divided by 191.
187
What is the remainder when 192385 is divided by 63957?
514
What is the remainder when 1084632 is divided by 459?
15
What is the remainder when 41830870 is divided by 1547?
1537
Calculate the remainder when 469488 is divided by 42.
12
Calculate the remainder when 203181506 is divided by 2604891.
8
Calculate the remainder when 5115 is divided by 7.
5
Calculate the remainder when 6176 is divided by 1792.
800
Calculate the remainder when 2513078 is divided by 86.
72
What is the remainder when 600047 is divided by 15789?
65
Calculate the remainder when 34230660 is divided by 8452.
60
Calculate the remainder when 26746 is divided by 13153.
440
Calculate the remainder when 35311456 is divided by 3743.
3737
What is the remainder when 186117 is divided by 6526?
3389
Calculate the remainder when 4203473 is divided by 1401153.
14
What is the remainder when 1368049 is divided by 136799?
59
Calculate the remainder when 6910291 is divided by 23.
10
What is the remainder when 533856 is divided by 1459?
1321
Calculate the remainder when 550655278 is divided by 12.
10
Calculate the remainder when 1191332 is divided by 85.
57
Calculate the remainder when 6689521 is divided by 53947.
93
Calculate the remainder when 698117 is divided by 697767.
350
Calculate the remainder when 52125 is divided by 17053.
966
What is the remainder when 6818901 is divided by 619?
616
Calculate the remainder when 1094078 is divided by 428.
110
Calculate the remainder when 1703936 is divided by 26624.
0
What is the remainder when 11748 is divided by 2931?
24
Calculate the remainder when 552372 is divided by 821.
660
Calculate the remainder when 105342 is divided by 11692.
114
Calculate the remainder when 5368456 is divided by 776.
88
Calculate the remainder when 257619364 is divided by 138.
136
What is the remainder when 12719898 is divided by 4?
2
Calculate the remainder when 1012414 is divided by 253081.
90
Calculate the remainder when 45868 is divided by 96.
76
What is the remainder when 1528314 is divided by 2156?
1866
What is the remainder when 561876 is divided by 1203?
75
What is the remainder when 24441489 is divided by 6?
3
Calculate the remainder when 817805 is divided by 408896.
13
What is the remainder when 32150 is divided by 15259?
1632
Calculate the remainder when 3000037 is divided by 599921.
432
Calculate the remainder when 217579 is divided by 601.
17
What is the remainder when 2181165 is divided by 262?
15
What is the remainder when 1878753 is divided by 3713?
3688
Calculate the remainder when 36083 is divided by 3099.
1994
Calculate the remainder when 2654253 is divided by 33.
30
Calculate the remainder when 1137463466 is divided by 21.
20
Calculate the remainder when 22878619 is divided by 13.
10
What is the remainder when 2207853 is divided by 1?
0
What is the remainder when 3418398 is divided by 398?
374
What is the remainder when 12252660 is divided by 444?
36
Calculate the remainder when 181668314 is divided by 118.
116
What is the remainder when 13851590 is divided by 103370?
10
What is the remainder when 33833 is divided by 4827?
44
What is the remainder when 28661502 is divided by 55?
12
Calculate the remainder when 24735 is divided by 12347.
41
What is the remainder when 2741681 is divided by 46?
35
Calculate the remainder when 157181903 is divided by 8272731.
14
What is the remainder when 97638381 is divided by 1135330?
1
Calculate the remainder when 596002 is divided by 24833.
10
Calculate the remainder when 1853010 is divided by 143.
16
What is the remainder when 36861 is divided by 1187?
64
Calculate the remainder when 2068118 is divided by 19147.
242
Calculate the remainder when 1243922 is divided by 621930.
62
Calculate the remainder when 33530350 is divided by 13.
9
Calculate the remainder when 48919559 is divided by 657.
653
Calculate the remainder when 615364 is divided by 307638.
88
What is the remainder when 19152374 is divided by 18?
14
Calculate the remainder when 62472957 is divided by 1020.
1017
What is the remainder when 2105499 is divided by 5037?
33
What is the remainder when 1135108 is divided by 1386?
1360
Calculate the remainder when 6938954 is divided by 4244.
14
What is the remainder when 3854672 is divided by 185?
12
Calculate the remainder when 3486 is divided by 3482.
4
Calculate the remainder when 1152638 is divided by 2963.
31
Calculate the remainder when 71375116 is divided by 701.
698
Calculate the remainder when 1298326 is divided by 649161.
4
What is the remainder when 2097561 is divided by 312?
297
Calculate the remainder when 81805 is divided by 13063.
3427
What is the remainder when 1025533276 is divided by 378?
376
What is the remainder when 55141577 is divided by 65?
62
Calculate the remainder when 2202571 is divided by 1274.
1099
What is the remainder when 191998 is divided by 240?
238
What is the remainder when 17445631 is divided by 220?
71
What is the remainder when 183144 is divided by 1638?
1326
Calculate the remainder when 14880233 is divided by 43.
40
Calculate the remainder when 210824205 is divided by 459.
456
Calculate the remainder when 744617 is divided by 620.
617
What is the remainder when 47405 is divided by 839?
421
Calculate the remainder when 548007 is divided by 91325.
57
Calculate the remainder when 283456366 is divided by 204.
202
Calculate the remainder when 35268 is divided by 3197.
101
Calculate the remainder when 256695 is divided by 31913.
1391
What is the remainder when 8990706 is divided by 105773?
1
Calculate the remainder when 19913 is divided by 2197.
140
What is the remainder when 683771 is divided by 135330?
7121
Calculate the remainder when 197486382 is divided by 527.
510
What is the remainder when 26888002 is divided by 159?
148
Calculate the remainder when 1379364 is divided by 267.
42
What is the remainder when 564486 is divided by 37?
14
What is the remainder when 1058715 is divided by 88223?
39
What is the remainder when 51803 is divided by 3787?
2572
Calculate the remainder when 6868 is divided by 434.
358
Calculate the remainder when 4980333 is divided by 160626.
927
What is the remainder when 202987 is divided by 50711?
143
What is the remainder when 24427 is divided by 8081?
184
What is the remainder when 513402 is divided by 34221?
87
What is the remainder when 20103627 is divided by 1399?
1396
What is the remainder when 6587200 is divided by 4374?
4330
What is the remainder when 209314533 is divided by 5951?
10
Calculate the remainder when 464775845 is divided by 